 a - p = -5, 46 = 2*d - 2*a. What is the units digit of d?
0
Suppose 0 = -0*k - 3*k + 468. Suppose p = 2*z - 115, 2*p + 2*p - k = -3*z. What is the tens digit of z?
5
Let f = 2651 + -1855. What is the hundreds digit of f?
7
Let y(c) = c**3 - 2*c + 476. What is the hundreds digit of y(0)?
4
Suppose -20*s - 744 = -16*s. Let o = s - -122. What is the units digit of ((-3)/6)/(1/o)?
2
Let z(c) = -151*c**2 + 2*c + 15. Let m(x) = -76*x**2 + x + 8. Let q(d) = 11*m(d) - 6*z(d). What is the hundreds digit of q(2)?
2
Let u(j) = 12*j**2 + 16*j - 62. What is the tens digit of u(6)?
6
What is the hundreds digit of -1 + 13/14 - 21183/(-14)?
5
Let c(y) = -y**3 + 26*y**2 - 118. What is the tens digit of c(25)?
0
Suppose 0 = 161*i - 165*i + 3752. Let w = i - 590. What is the hundreds digit of w?
3
Suppose 184 - 4155 = -19*d. What is the tens digit of d?
0
Let p be (-8)/(-28) + 666/21. Suppose v = -5, 5*v + 177 - p = 2*c. What is the units digit of c?
0
Suppose -5 + 49 = b. What is the units digit of (b - (1 + 0))/1?
3
Suppose -3 - 7 = -5*g. Suppose -g*w = -0*w - 6. What is the tens digit of -1*w/6*-22?
1
Suppose 0 = -68*m + 44*m + 29112. What is the hundreds digit of m?
2
Suppose -8 = -5*k + 3*k, -i = -k - 884. What is the tens digit of i?
8
Suppose 1968 + 282 = 3*v. What is the units digit of v?
0
Suppose 2*y + 6 = -5*d - 28, 2*d = 5*y - 2. What is the tens digit of d/(1/(1 + -4))?
1
Let n(c) = c**3 - 2*c**2 + 7*c - 9. Suppose 3*a - 7*a = -140. Suppose -4*z - 23 = -a. What is the units digit of n(z)?
1
Let q be (0 - 2)*(-60 - -1). Let p = q - 7. Suppose 2*s = 5*d + 4*s - p, -2*s = -5*d + 119. What is the units digit of d?
3
Suppose -8 = -2*l - 0*l. Suppose l*m - 8 = 4*k, -2*k - 8 = 2*k + m. Let c(y) = 6*y**2 - 2*y. What is the tens digit of c(k)?
2
Suppose 5*n + 173 = -4*i, 4*i - 3*n + 133 = -0*n. Let x = 64 + i. What is the tens digit of x?
2
Suppose 4*x = -m + 3*x + 3, 0 = 2*m + x - 7. Suppose 3*f - m = 8, 516 = -4*w - 4*f. Let i = -66 - w. What is the units digit of i?
7
Suppose i + 4*i + 1400 = 0. Let w = i - -549. What is the tens digit of w?
6
Suppose -5*d = i - 43, 2*d = 3*d + 2*i - 5. Suppose -4*p + d = -3. Suppose -6 - 3 = -p*w. What is the units digit of w?
3
Let y be 73*-7 + (5 - 6). Let f be y/(-36) - 6/27. What is the tens digit of (f/7)/(2/31)?
3
Suppose 33*u - 61132 - 53147 = 0. What is the thousands digit of u?
3
Let z(o) = o + 38. Let h be z(-12). Suppose -2*i + h + 16 = 0. What is the units digit of i?
1
What is the units digit of 3875 - (-156)/12 - 0?
8
Let b(g) = 3*g**3 + 9*g**2 + 7*g - 82. Let k(y) = y**3 + 4*y**2 + 3*y - 41. Let q(m) = 2*b(m) - 5*k(m). What is the tens digit of q(0)?
4
Let k = 165 - 163. Suppose 0 = -7*c + k*c + 790. What is the units digit of c?
8
Let y = 6 - 4. What is the tens digit of 15 + (1 - -1) + y?
1
Let y be (0 + 27)*8/24. Let n be (y/(-15))/((-1)/45). Suppose 0*h = h - n. What is the units digit of h?
7
Let k = -1785 - -3162. What is the hundreds digit of k?
3
Let t(q) = q**2 - 7*q + 28. Suppose 2*z + 2*x - 16 = 0, 0*z + 2*x = -3*z + 22. What is the units digit of t(z)?
2
Suppose 2*f + 3*j + 59 = 0, -4 = f + 4*j + 23. Let y(g) = -g**2 - 9*g + 28. Let d be y(-12). Let n = d - f. What is the units digit of n?
3
Let r = 2340 - 1166. What is the thousands digit of r?
1
Suppose 6 = 3*c, 2*c + c = -3*z + 432. Suppose 3*m - 50 = z. What is the units digit of m?
4
Let w(x) = -2*x**2 - 15*x + 2. Let j be w(-7). Suppose j*m - 25 = 83. What is the units digit of m?
2
Suppose 3*h + 2*x = 225, 105 = 2*h + 4*x - 45. What is the units digit of h?
5
Suppose 0*w - 3*w + 2*n + 10 = 0, -4*w - 4*n = 0. Suppose -p - 10 = -t, -w = -3*p + 4. What is the tens digit of t?
1
Let k be 4/(-10) + 12/5. Let g(n) = 3*n**2 - 3*n**2 - 3*n + 2*n**k - 4. What is the units digit of g(4)?
6
Suppose -20*m + 8396 = -2184. What is the units digit of m?
9
Let g be (5 + -6)*4/1. Let u be g*((-99)/12)/3. Suppose -10 - u = -3*p. What is the units digit of p?
7
What is the tens digit of -9*((-2304)/2)/12?
6
Suppose -73 = v + 43. Let d = -20 - v. Suppose -3*h - d = -6*h. What is the tens digit of h?
3
Suppose 40 = -0*t + 4*t. Let p be (-9)/(-15) - 86/t. Let i = 36 + p. What is the units digit of i?
8
Let j = -8 - -13. Suppose 7 = -2*d + r, -2*r = -j*r + 9. What is the tens digit of ((-24)/(-14))/(d/(-21))?
1
Let o be 2/((-2)/4*4). Let i(t) = -t**3 + t**2 + t - 1. Let a(f) = 4*f**3 - f**2 - 5*f + 1. Let z(s) = o*a(s) - 2*i(s). What is the units digit of z(-2)?
7
Let b = 2232 + -800. What is the tens digit of b?
3
Let k = 981 + -262. What is the tens digit of k?
1
Let h(i) = -i**3 + i**2 - 2*i + 222. What is the hundreds digit of h(0)?
2
Suppose -3*m + 8 = 2. Suppose m*p + 12*p = 252. What is the units digit of p?
8
Let a = -14 + 19. Suppose -4*l - 3*v = -87, -2*l = l + a*v - 57. Let z = l + -4. What is the tens digit of z?
2
Let t(a) = -17*a - 25. Let f(g) = 16*g + 26. Let j(v) = -5*f(v) - 6*t(v). What is the units digit of j(2)?
4
Suppose -17*y + 13*y = 4*l - 540, -580 = -4*l + 4*y. What is the tens digit of l?
4
Let u(b) = 2*b**2 - 14*b + 38. Let k be u(6). Suppose 3*h - 52 = 83. Suppose -k = -m - m - o, -3*m + h = 3*o. What is the tens digit of m?
1
Let h(q) = 6*q**2 + 7*q - 3. Let m be (-9)/(36/8) - 5. What is the hundreds digit of h(m)?
2
Let s(z) = z**3 - 7*z**2 + 2*z - 5. Let w be s(6). Let k = 37 + w. What is the units digit of k?
8
Let p(f) = 14*f - 124. What is the units digit of p(14)?
2
Let w = 12 + -12. Suppose w*h + 8 = 2*h. Suppose -h*z + 39 = -z. What is the tens digit of z?
1
Let n(w) be the second derivative of -7/12*w**4 - 9*w - 5*w**2 - 1/20*w**5 + 0 - 4/3*w**3. What is the units digit of n(-6)?
2
Let v(c) = -c**3 + 20*c**2 - 8*c + 79. What is the tens digit of v(11)?
8
Suppose -87*s + 26466 = -78369. What is the units digit of s?
5
Let f be ((-8)/10)/(10/(-50)). Suppose 5 = -f*i + 2*t - 57, 3*i + 66 = -5*t. Let a = i - -44. What is the tens digit of a?
2
Let k(l) = l**3 - 4*l**2 - 6*l + 5. Let b be k(5). Suppose b*y - y = -7. Let f(v) = -v**3 + 7*v**2 + v - 4. What is the units digit of f(y)?
3
Suppose 1985*o - 1976*o = 7137. What is the tens digit of o?
9
Suppose 0 = l - 1. Suppose -4*c + d - 2*d = 15, c + 3*d + l = 0. What is the units digit of c*3*(-8 + 6)?
4
Let x be (-11)/6 + 10/(-60). Let j be x/4 + 136/(-16). What is the units digit of 3/9 + (-6)/j?
1
Suppose 22 = 2*n - 3*p - 23, n + 2*p = 12. Let c(u) = 4*u + n - 13 - 3*u**2 - 2*u**3 + u**3. What is the tens digit of c(-5)?
3
Let f(z) = z**3 + z**2 - 2*z + 78. Let d = 51 + -51. What is the tens digit of f(d)?
7
Let c(o) = o**3 - 4*o**2 + 3*o + 5. Let w be c(4). Let g = 20 - w. Suppose -j + 5 = a, -g*j - a = -0*j - 21. What is the units digit of j?
8
Suppose -2 = -8*j + 7*j. What is the units digit of 2898/78 - j/13?
7
Let d = 232 - 177. What is the units digit of d?
5
Let u = 84 + 51. What is the hundreds digit of u?
1
Let s(a) = -9*a - 206 - a + 185 - 3*a. What is the units digit of s(-10)?
9
Let g(p) = -2*p**2 - 4*p - 5. Let m be g(-4). Let h = 36 + m. What is the tens digit of h?
1
Let a(q) = q**2 + 8*q + 15. Let k be a(-7). What is the tens digit of (50/4)/(4/k)?
2
Let v be 1*-3*36/(-27). Suppose v + 8 = 2*r. What is the units digit of r?
6
Suppose 4*t + 16 = -h + 2*h, -3*t + 48 = 3*h. Suppose h = 3*n - a, a + 3 = -1. Suppose -3*f - 4*y = -3*y - 49, 66 = n*f + 2*y. What is the tens digit of f?
1
Let l be (-1)/3 + 12/9 + 4. Let u = -25 + 35. Suppose 0*s + l*i = s - 30, 2*s = -4*i - u. What is the units digit of s?
5
Let o be 5 - (-9)/((-9)/2). Suppose 2*b - b + 140 = o*p, -5*b - 136 = -3*p. What is the units digit of p?
7
Suppose 3*u = 3*g + 7*u - 55, u - 61 = -3*g. Suppose -4*q + 145 - g = -f, 5*q + 3*f - 138 = 0. What is the tens digit of q?
3
Suppose 0 = 2*s + 2*s - 16. Suppose p + 3*f - 89 = -2*f, -2*p - s*f = -202. What is the tens digit of p?
0
Let c be (-6)/(-4)*16/(-6). Let p = 9 + c. Suppose 68 = p*h + 2*d - 6*d, h + 4*d = 28. What is the units digit of h?
6
Let h = 466 - -2005. What is the thousands digit of h?
2
Suppose 0 = -5*m - 5*c + 305, -4*m + 85 = -2*c - 165. What is the units digit of m?
2
Let q = -64 + 64. What is the tens digit of (q - 1/(-2))*182?
9
Let n be (-16)/(-4) - 0 - -6. Let r = n - 30. Let v = 42 - r. What is the tens digit of v?
6
What is t